*k, -35 = -4*l - 5*k. What is the tens digit of l?
1
Let y(u) = -u + 7. Suppose -3*s + 1 = 7. Let j = 8 + s. What is the units digit of y(j)?
1
Suppose 13*s = -s + 798. What is the tens digit of s?
5
Let z = -89 + 131. What is the units digit of z?
2
Let n = 0 - 0. Suppose 4*w = 2*w + 68. Suppose n = 4*t + m - 56, -m - w = -3*t + t. What is the tens digit of t?
1
Suppose 0*o + 4 = 2*o. Let p(s) = -1 + 0 - 2*s + o - 3. What is the units digit of p(-5)?
8
Let q(a) = 3*a. Let h be q(1). Let f(y) = 2*y**2 + y - 1. Let m be f(1). Suppose 4*v = m*x + 24, 0 = -h*v - v + x + 28. What is the units digit of v?
8
Let i be (3 - (-2 + 2)) + -6. Let o = 8 + i. What is the units digit of o?
5
Suppose -3*m = 3*p - 18, -3*p + 0*p + m = -38. Let j = -4 + p. Suppose -3*q - o = -j*q + 6, -4*q = 2*o - 12. What is the units digit of q?
2
Suppose n + 4 = 5. Suppose -3*o = -9, -7 = 5*s - 3*o + 4*o. What is the units digit of -1 - (s + -2) - n?
2
Suppose -k = 4*i - 14, -11 - 7 = -4*i - 3*k. Suppose 5*s = 3*s + 14. Let d = s - i. What is the units digit of d?
4
Suppose 4*f - 1 = 15. Suppose 0 = 3*o + 2*s - 8, -f*o + 10 - 4 = 5*s. What is the units digit of o?
4
Suppose -3*d = -2*z + z - 6, 9 = -2*z + 5*d. Let p be (-115)/(-15) + (-2)/z. Suppose 27 - p = 4*b. What is the units digit of b?
5
Let v(y) = y**3 - 2*y + 2*y**3 + 6*y**2 - 7 - y**2 - 2*y**3. What is the units digit of v(-5)?
3
Let y(b) = b**3 + 2*b**2 + 11. What is the units digit of y(0)?
1
Let d(z) = -z**3 - 7*z**2 - 5*z - 26. What is the tens digit of d(-8)?
7
Let l = -188 - -393. What is the hundreds digit of l?
2
Suppose -5*f + 3460 = 5*f. What is the hundreds digit of f?
3
Let j(s) be the first derivative of s**3/3 - s**2/2 - 4*s + 1. Let h be j(-5). Let y = h + -16. What is the units digit of y?
0
Let u(m) = -m**3 - 2*m**2 - 2*m - 2. Let v be ((1 - 3) + 0)*1. Let c be u(v). What is the tens digit of (-544)/(-56) - c/(-7)?
1
Suppose 2*h + 2*h = 0. Suppose h = 2*q - 2*u - 58, -q + u = 3*q - 113. What is the units digit of q?
8
Let s(a) be the second derivative of 0 + 1/12*a**4 + 3*a + 11/2*a**2 + 11/6*a**3. What is the units digit of s(-10)?
1
Let f = -4 + 2. What is the units digit of (-1 - (-6)/(-4))*f?
5
Suppose -3*m + z + 3*z = -222, -4*z = 3*m - 246. Suppose -2*a + 0*a + 5*i + 22 = 0, -5*a + i = -m. What is the tens digit of a?
1
Let c(l) = -l**2 + 3*l + 4. Let n be c(3). Suppose z + 2*g - 12 = 0, 5*z - n*z + 3*g = 15. What is the units digit of z?
6
Let p = 20 - -12. Suppose 3*a = a + p. What is the tens digit of a?
1
Suppose 2*s = -0*s - 16. Let q = -4 - s. Suppose x - q*d = -3, x - 3*d = -d + 1. What is the units digit of x?
5
Suppose c - 3816 = -17*c. What is the tens digit of c?
1
Let q(a) = -a + 12. What is the units digit of q(7)?
5
Suppose -33 = -2*m + 3*k, 7*m - 3*m + 2*k - 58 = 0. What is the tens digit of m + (1 - (2 + 0))?
1
Suppose 71 = 4*y + 11. Let r = y - 2. What is the units digit of r?
3
Suppose 5*m - 5 = 0, -m + 4 = 2*b - 7. What is the units digit of b?
5
Let q be 5/((-10)/(-52)) + -1. Let d = -9 + q. What is the units digit of d?
6
Let u(w) = 18*w**2 - w. Suppose 0 = 2*f - 3*f + 1. What is the tens digit of u(f)?
1
What is the tens digit of 2 + -4 + (2 - 0) + 24?
2
Let i be (5/3)/((-1)/(-3)). Let z = 13 - i. What is the units digit of (0 + -2)/2 + z?
7
Suppose 21 = -3*m - 9. Let w be -1 + -2 - (5 - 31). Let l = m + w. What is the tens digit of l?
1
Let d(m) = -3*m**3 + 2*m**3 + 2 + 0*m + 3*m + 3*m**2 + 2*m**3. Let x be d(-2). Suppose -a - 10 = -c + 10, a + 2 = x. What is the units digit of c?
8
Let y = -283 - -396. What is the units digit of y?
3
Let j(y) = 2*y + 2. Let q be j(-3). What is the units digit of 2/(-3)*42/q?
7
Let c be (-24)/5*100/(-15). Suppose -4*n + 2*n + c = 0. What is the tens digit of n?
1
Let d(i) = -i - 2. Let o be d(-6). Let v = -41 - -41. Suppose -o*j + 5*w + 61 = v, -j + 0*w + 16 = -2*w. What is the units digit of j?
4
Suppose -3*g - g = -8. Suppose i - 11 = -4*d, -g*d + d + 5 = i. What is the units digit of i?
3
Suppose -10 = 5*z - 0*z. Let w = 4 + z. What is the units digit of w?
2
What is the tens digit of 2*(-1 - -5 - -177)?
6
Let r(a) be the second derivative of a**3/3 - 2*a**2 - 3*a. Let m be r(7). What is the units digit of (-35)/(-7)*8/m?
4
Let o(a) = a**3 + 13*a**2 - 13*a + 12. Let l be o(-14). Let f = l + 6. What is the units digit of f?
4
Let z = 4 + 9. What is the units digit of 379/z - (-2)/(-13)?
9
Suppose 17 = 3*g + 11. What is the units digit of g?
2
What is the tens digit of (0 - 441/18)/((-2)/12)?
4
Suppose 0 = 5*f + 5*d - 15, -2*d - 3*d = 0. Suppose 34 = 2*z + 4*t, -f = -3*z - 4*t + 48. What is the units digit of z?
7
What is the units digit of 6/(-63)*-3 + (-11697)/(-49)?
9
Let i(q) = q**3 + 7*q**2 + 6*q + 3. Let c be 0/3 + 2 - -26. Suppose -2*y + 32 = -5*o, -5*o + o + 4*y - c = 0. What is the units digit of i(o)?
3
Suppose 0 = -6*n + 5*n + 81. What is the units digit of n?
1
Suppose z - 235 = -2*x, -z = 4*x - 5*z - 464. What is the units digit of x?
7
Let y = 2 + 1. Let g(m) = -y*m**3 + 3 + 5 + 4*m**3 - 2*m**3. What is the units digit of g(0)?
8
Let s(w) = 51*w - 9. Let q(p) = 5*p - 1. Let r(z) = 21*q(z) - 2*s(z). What is the units digit of r(3)?
6
Suppose 2*x = -2*o + 2 - 6, 9 = 3*x - 2*o. Let c be (9 + x)/(1 + 1). Suppose c*l - 7 - 28 = 0. What is the units digit of l?
7
Suppose u - 3 = a, 5*a - 2*u = -5*u + 25. Suppose a*d = -0*d + 6. What is the units digit of d?
3
What is the hundreds digit of 26/(-65) - 1464/(-10)?
1
Suppose 5*u = 4*t + 572, 2*u - 3*t = -0*t + 226. What is the tens digit of u?
1
Suppose 4*k + 2 = 10. Suppose -4*h + 12 = -4*q, -4*h + k*q + 8 = -0*h. Suppose -5*m = -9 - h. What is the units digit of m?
2
Suppose 5*b = -v + 59, v - 21 = -3*b + 30. What is the units digit of v?
9
Suppose 4*t - 3*t = 4. Suppose -3*q = 3*a - t*q - 9, 2*a - 20 = -4*q. Suppose n = a*n - 18. What is the units digit of n?
6
Suppose l - 19 - 2 = 0. What is the units digit of l?
1
Let i(c) = -4*c - 6. Let d be i(-4). Let b = 14 + -24. What is the units digit of d/25 + (-66)/b?
7
Suppose 3*c - 13 = 521. What is the tens digit of c?
7
Let u(m) = m + 10. Let h be u(-6). Suppose -2*y - 14 = -4*g, y - 4*y = -h*g + 19. Suppose -2*v + 3 = g. What is the units digit of v?
1
Suppose 2*h + 3*f = -0*h + 28, 4*f + 28 = 2*h. What is the units digit of 4/(-6)*(-147)/h?
7
Let o = 28 + -7. What is the units digit of o?
1
Let i(q) = -q**2 + 10*q - 9. What is the units digit of i(8)?
7
Suppose -155 = 5*z + 5*h, 0 = -3*z + h + 2*h - 75. Let f be (-132)/z - 4/(-14). Let u = -3 + f. What is the units digit of u?
2
What is the units digit of ((-136)/(-32))/((-2)/(-16))?
4
Suppose 6 = -z - 4*l + 1, 3*z - 13 = 2*l. Suppose -4*o + 4 = -z*o, -4*i + 2*o = 40. Let s = i + 14. What is the units digit of s?
6
Let z(n) = n + 9. Let c = 0 - 2. Let m be c/(-11) + (-90)/11. What is the units digit of z(m)?
1
Let r = 1 + -3. What is the units digit of r/4 - (-93)/6?
5
Let t(d) = -d**2 - 8*d - 4. Let q be t(-7). Suppose -u - q = 2*u. What is the tens digit of u - 4/((-4)/11)?
1
Let n(j) = 12*j**3 - j**2 + j + 1. Let o be n(-1). What is the units digit of (-1 + o)*2/(-4)?
7
Let n = -76 - -109. What is the tens digit of n?
3
Let i(r) = 40*r**2 + r - 1. Let b be i(1). Suppose 6 = a - 0*y + 3*y, y = -5*a - b. Let o = a - -20. What is the units digit of o?
1
Suppose 5*i + 0 = -h - 25, -i = 5. Let n(v) = -v**3 - v**2 - v + 22. What is the units digit of n(h)?
2
Let n be 2 + 1 - (-12)/(-4). Suppose n = -4*r, 3*r + 11 = z + 5*r. What is the units digit of z?
1
Let u(g) = -g**2 - 8*g - 7. Let o be u(-8). Let n(f) be the first derivative of -f**2/2 - 4*f - 1. What is the units digit of n(o)?
3
Let f = 1 - -3. Suppose -f*c - 1 = -9. Suppose -22 + 0 = -c*m. What is the units digit of m?
1
Suppose -62 + 231 = 3*c + k, 2*k + 267 = 5*c. What is the units digit of c?
5
What is the units digit of -3 - -97 - (-2 + 1 + 1)?
4
Let c(b) = b**3 - 3*b**2 + 2*b - 2. Let h be c(3). Let n be 45/12 + (-1)/(-4). Suppose 6 = 3*m, -h*d + n*m = -m - 22. What is the units digit of d?
8
What is the hundreds digit of -5 - (-3 + -2) - -183?
1
Let w(t) = t**2 + 7*t - 8. Let h be w(-10). Suppose 3*z - 82 + h = 0. What is the tens digit of z?
2
Let b(s) = s**2 + 13*s - 6. Let l be b(-15). Let x = l + -3. What i